{"id":315,"date":"2022-07-19T10:25:46","date_gmt":"2022-07-19T10:25:46","guid":{"rendered":"https:\/\/dinamiaconsultores.com\/?page_id=315"},"modified":"2022-07-21T10:44:28","modified_gmt":"2022-07-21T10:44:28","slug":"analitica-web","status":"publish","type":"page","link":"https:\/\/dinamiaconsultores.com\/?page_id=315","title":{"rendered":"ANAL\u00cdTICA WEB"},"content":{"rendered":"\t\t<div data-elementor-type=\"wp-page\" data-elementor-id=\"315\" class=\"elementor elementor-315\">\n\t\t\t\t\t\t<section class=\"elementor-section elementor-top-section elementor-element elementor-element-069aa2d elementor-section-content-middle elementor-reverse-mobile elementor-section-boxed elementor-section-height-default elementor-section-height-default\" data-id=\"069aa2d\" data-element_type=\"section\" data-e-type=\"section\">\n\t\t\t\t\t\t<div class=\"elementor-container elementor-column-gap-no\">\n\t\t\t\t\t<div class=\"elementor-column elementor-col-50 elementor-top-column elementor-element elementor-element-ce99f91\" data-id=\"ce99f91\" data-element_type=\"column\" data-e-type=\"column\">\n\t\t\t<div class=\"elementor-widget-wrap elementor-element-populated\">\n\t\t\t\t\t\t<div class=\"elementor-element elementor-element-6518295 elementor-widget elementor-widget-heading\" data-id=\"6518295\" data-element_type=\"widget\" data-e-type=\"widget\" data-widget_type=\"heading.default\">\n\t\t\t\t<div class=\"elementor-widget-container\">\n\t\t\t\t\t<h4 class=\"elementor-heading-title elementor-size-default\">ANAL\u00cdTICA WEB<\/h4>\t\t\t\t<\/div>\n\t\t\t\t<\/div>\n\t\t\t\t<div class=\"elementor-element elementor-element-876c725 elementor-widget elementor-widget-text-editor\" data-id=\"876c725\" data-element_type=\"widget\" data-e-type=\"widget\" data-widget_type=\"text-editor.default\">\n\t\t\t\t<div class=\"elementor-widget-container\">\n\t\t\t\t\t\t\t\t\t<p>La medici\u00f3n, recolecci\u00f3n e interpretaci\u00f3n y an\u00e1lisis de los datos de tu web son fundamentales para obtener un seguimiento real de los objetivos dentro de nuestro proyecto.<\/p><p>Esto nos permitir\u00e1 establecer planes de contingencia y mantenimiento de objetivos para alcanzar el punto \u00f3ptimo en el que queremos posicionar nuestra web.<\/p><p>Aumenta la ventaja competitiva frente a las empresas de tu sector y destaca tu negocio por encima de los dem\u00e1s.<\/p>\t\t\t\t\t\t\t\t<\/div>\n\t\t\t\t<\/div>\n\t\t\t\t<div class=\"elementor-element elementor-element-78ed833 elementor-widget elementor-widget-button\" data-id=\"78ed833\" data-element_type=\"widget\" data-e-type=\"widget\" data-widget_type=\"button.default\">\n\t\t\t\t<div class=\"elementor-widget-container\">\n\t\t\t\t\t\t\t\t\t<div class=\"elementor-button-wrapper\">\n\t\t\t\t\t<a class=\"elementor-button elementor-button-link elementor-size-sm\" href=\"https:\/\/dinamiaconsultores.com\/?page_id=433\">\n\t\t\t\t\t\t<span class=\"elementor-button-content-wrapper\">\n\t\t\t\t\t\t\t\t\t<span class=\"elementor-button-text\">contactar<\/span>\n\t\t\t\t\t<\/span>\n\t\t\t\t\t<\/a>\n\t\t\t\t<\/div>\n\t\t\t\t\t\t\t\t<\/div>\n\t\t\t\t<\/div>\n\t\t\t\t\t<\/div>\n\t\t<\/div>\n\t\t\t\t<div class=\"elementor-column elementor-col-50 elementor-top-column elementor-element elementor-element-a67e4cb\" data-id=\"a67e4cb\" data-element_type=\"column\" data-e-type=\"column\">\n\t\t\t<div class=\"elementor-widget-wrap elementor-element-populated\">\n\t\t\t\t\t\t<div class=\"elementor-element elementor-element-20f6fbf elementor-widget elementor-widget-image\" data-id=\"20f6fbf\" data-element_type=\"widget\" data-e-type=\"widget\" data-widget_type=\"image.default\">\n\t\t\t\t<div class=\"elementor-widget-container\">\n\t\t\t\t\t\t\t\t\t\t\t\t\t\t\t<img decoding=\"async\" src=\"https:\/\/dinamiaconsultores.com\/wp-content\/uploads\/elementor\/thumbs\/30-prxv8gjj0ytir07k4asyfjd9d3eu30hezljkpj6ej8.png\" title=\"ANAL\u00cdTICA WEB\" alt=\"ANAL\u00cdTICA WEB\" class=\"elementor-animation-grow\" loading=\"lazy\" \/>\t\t\t\t\t\t\t\t\t\t\t\t\t\t\t<\/div>\n\t\t\t\t<\/div>\n\t\t\t\t\t<\/div>\n\t\t<\/div>\n\t\t\t\t\t<\/div>\n\t\t<\/section>\n\t\t\t\t<\/div>\n\t\t","protected":false},"excerpt":{"rendered":"<p>ANAL\u00cdTICA WEB La medici\u00f3n, recolecci\u00f3n e interpretaci\u00f3n y an\u00e1lisis de los datos de tu web son fundamentales para obtener un seguimiento real de los objetivos dentro de nuestro proyecto. Esto nos permitir\u00e1 establecer planes de contingencia y mantenimiento de objetivos para alcanzar el punto \u00f3ptimo en el que queremos posicionar nuestra web. Aumenta la ventaja [&hellip;]<\/p>\n","protected":false},"author":1,"featured_media":0,"parent":0,"menu_order":0,"comment_status":"closed","ping_status":"closed","template":"","meta":{"site-sidebar-layout":"no-sidebar","site-content-layout":"page-builder","ast-site-content-layout":"default","site-content-style":"default","site-sidebar-style":"default","ast-global-header-display":"","ast-banner-title-visibility":"","ast-main-header-display":"","ast-hfb-above-header-display":"","ast-hfb-below-header-display":"","ast-hfb-mobile-header-display":"","site-post-title":"disabled","ast-breadcrumbs-content":"","ast-featured-img":"disabled","footer-sml-layout":"","ast-disable-related-posts":"","theme-transparent-header-meta":"","adv-header-id-meta":"","stick-header-meta":"","header-above-stick-meta":"","header-main-stick-meta":"","header-below-stick-meta":"","astra-migrate-meta-layouts":"default","ast-page-background-enabled":"default","ast-page-background-meta":{"desktop":{"background-color":"var(--ast-global-color-4)","background-image":"","background-repeat":"repeat","background-position":"center center","background-size":"auto","background-attachment":"scroll","background-type":"","background-media":"","overlay-type":"","overlay-color":"","overlay-opacity":"","overlay-gradient":""},"tablet":{"background-color":"","background-image":"","background-repeat":"repeat","background-position":"center center","background-size":"auto","background-attachment":"scroll","background-type":"","background-media":"","overlay-type":"","overlay-color":"","overlay-opacity":"","overlay-gradient":""},"mobile":{"background-color":"","background-image":"","background-repeat":"repeat","background-position":"center center","background-size":"auto","background-attachment":"scroll","background-type":"","background-media":"","overlay-type":"","overlay-color":"","overlay-opacity":"","overlay-gradient":""}},"ast-content-background-meta":{"desktop":{"background-color":"var(--ast-global-color-5)","background-image":"","background-repeat":"repeat","background-position":"center center","background-size":"auto","background-attachment":"scroll","background-type":"","background-media":"","overlay-type":"","overlay-color":"","overlay-opacity":"","overlay-gradient":""},"tablet":{"background-color":"var(--ast-global-color-5)","background-image":"","background-repeat":"repeat","background-position":"center center","background-size":"auto","background-attachment":"scroll","background-type":"","background-media":"","overlay-type":"","overlay-color":"","overlay-opacity":"","overlay-gradient":""},"mobile":{"background-color":"var(--ast-global-color-5)","background-image":"","background-repeat":"repeat","background-position":"center center","background-size":"auto","background-attachment":"scroll","background-type":"","background-media":"","overlay-type":"","overlay-color":"","overlay-opacity":"","overlay-gradient":""}},"footnotes":""},"class_list":["post-315","page","type-page","status-publish","hentry"],"yoast_head":"<!-- This site is optimized with the Yoast SEO plugin v25.6 - https:\/\/yoast.com\/wordpress\/plugins\/seo\/ -->\n<title>ANAL\u00cdTICA WEB - Dinamia Consultores<\/title>\n<meta name=\"description\" content=\"En Dinamia Consultores contamos con las herramientas necesarias para recopilar todos los datos necesarios para establecer un proyecto s\u00f3lido.\" \/>\n<meta name=\"robots\" content=\"index, follow, max-snippet:-1, max-image-preview:large, max-video-preview:-1\" \/>\n<link rel=\"canonical\" href=\"https:\/\/dinamiaconsultores.com\/?page_id=315\" \/>\n<meta property=\"og:locale\" content=\"es_ES\" \/>\n<meta property=\"og:type\" content=\"article\" \/>\n<meta property=\"og:title\" content=\"ANAL\u00cdTICA WEB - Dinamia Consultores\" \/>\n<meta property=\"og:description\" content=\"En Dinamia Consultores contamos con las herramientas necesarias para recopilar todos los datos necesarios para establecer un proyecto s\u00f3lido.\" \/>\n<meta property=\"og:url\" content=\"https:\/\/dinamiaconsultores.com\/?page_id=315\" \/>\n<meta property=\"og:site_name\" content=\"Dinamia Consultores\" \/>\n<meta property=\"article:publisher\" content=\"https:\/\/www.facebook.com\/Dinamia-Consultores-101016366027505\" \/>\n<meta property=\"article:modified_time\" content=\"2022-07-21T10:44:28+00:00\" \/>\n<meta property=\"og:image\" content=\"https:\/\/dinamiaconsultores.com\/wp-content\/uploads\/elementor\/thumbs\/30-prxv8gjj0ytir07k4asyfjd9d3eu30hezljkpj6ej8.png\" \/>\n<meta name=\"twitter:card\" content=\"summary_large_image\" \/>\n<meta name=\"twitter:label1\" content=\"Tiempo de lectura\" \/>\n\t<meta name=\"twitter:data1\" content=\"1 minuto\" \/>\n<script type=\"application\/ld+json\" class=\"yoast-schema-graph\">{\"@context\":\"https:\/\/schema.org\",\"@graph\":[{\"@type\":\"WebPage\",\"@id\":\"https:\/\/dinamiaconsultores.com\/?page_id=315\",\"url\":\"https:\/\/dinamiaconsultores.com\/?page_id=315\",\"name\":\"ANAL\u00cdTICA WEB - Dinamia Consultores\",\"isPartOf\":{\"@id\":\"https:\/\/dinamiaconsultores.com\/#website\"},\"primaryImageOfPage\":{\"@id\":\"https:\/\/dinamiaconsultores.com\/?page_id=315#primaryimage\"},\"image\":{\"@id\":\"https:\/\/dinamiaconsultores.com\/?page_id=315#primaryimage\"},\"thumbnailUrl\":\"https:\/\/dinamiaconsultores.com\/wp-content\/uploads\/elementor\/thumbs\/30-prxv8gjj0ytir07k4asyfjd9d3eu30hezljkpj6ej8.png\",\"datePublished\":\"2022-07-19T10:25:46+00:00\",\"dateModified\":\"2022-07-21T10:44:28+00:00\",\"description\":\"En Dinamia Consultores contamos con las herramientas necesarias para recopilar todos los datos necesarios para establecer un proyecto s\u00f3lido.\",\"breadcrumb\":{\"@id\":\"https:\/\/dinamiaconsultores.com\/?page_id=315#breadcrumb\"},\"inLanguage\":\"es\",\"potentialAction\":[{\"@type\":\"ReadAction\",\"target\":[\"https:\/\/dinamiaconsultores.com\/?page_id=315\"]}]},{\"@type\":\"ImageObject\",\"inLanguage\":\"es\",\"@id\":\"https:\/\/dinamiaconsultores.com\/?page_id=315#primaryimage\",\"url\":\"https:\/\/dinamiaconsultores.com\/wp-content\/uploads\/elementor\/thumbs\/30-prxv8gjj0ytir07k4asyfjd9d3eu30hezljkpj6ej8.png\",\"contentUrl\":\"https:\/\/dinamiaconsultores.com\/wp-content\/uploads\/elementor\/thumbs\/30-prxv8gjj0ytir07k4asyfjd9d3eu30hezljkpj6ej8.png\"},{\"@type\":\"BreadcrumbList\",\"@id\":\"https:\/\/dinamiaconsultores.com\/?page_id=315#breadcrumb\",\"itemListElement\":[{\"@type\":\"ListItem\",\"position\":1,\"name\":\"Portada\",\"item\":\"https:\/\/dinamiaconsultores.com\/\"},{\"@type\":\"ListItem\",\"position\":2,\"name\":\"ANAL\u00cdTICA WEB\"}]},{\"@type\":\"WebSite\",\"@id\":\"https:\/\/dinamiaconsultores.com\/#website\",\"url\":\"https:\/\/dinamiaconsultores.com\/\",\"name\":\"Dinamia Consultores\",\"description\":\"Tu proyecto de 0 a 100\",\"publisher\":{\"@id\":\"https:\/\/dinamiaconsultores.com\/#organization\"},\"potentialAction\":[{\"@type\":\"SearchAction\",\"target\":{\"@type\":\"EntryPoint\",\"urlTemplate\":\"https:\/\/dinamiaconsultores.com\/?s={search_term_string}\"},\"query-input\":{\"@type\":\"PropertyValueSpecification\",\"valueRequired\":true,\"valueName\":\"search_term_string\"}}],\"inLanguage\":\"es\"},{\"@type\":\"Organization\",\"@id\":\"https:\/\/dinamiaconsultores.com\/#organization\",\"name\":\"Dinamia Consultores\",\"url\":\"https:\/\/dinamiaconsultores.com\/\",\"logo\":{\"@type\":\"ImageObject\",\"inLanguage\":\"es\",\"@id\":\"https:\/\/dinamiaconsultores.com\/#\/schema\/logo\/image\/\",\"url\":\"https:\/\/dinamiaconsultores.com\/wp-content\/uploads\/2022\/07\/cropped-cropped-1.png\",\"contentUrl\":\"https:\/\/dinamiaconsultores.com\/wp-content\/uploads\/2022\/07\/cropped-cropped-1.png\",\"width\":744,\"height\":248,\"caption\":\"Dinamia Consultores\"},\"image\":{\"@id\":\"https:\/\/dinamiaconsultores.com\/#\/schema\/logo\/image\/\"},\"sameAs\":[\"https:\/\/www.facebook.com\/Dinamia-Consultores-101016366027505\",\"https:\/\/www.instagram.com\/dinamiaconsultores\/\"]}]}<\/script>\n<!-- \/ Yoast SEO plugin. -->","yoast_head_json":{"title":"ANAL\u00cdTICA WEB - Dinamia Consultores","description":"En Dinamia Consultores contamos con las herramientas necesarias para recopilar todos los datos necesarios para establecer un proyecto s\u00f3lido.","robots":{"index":"index","follow":"follow","max-snippet":"max-snippet:-1","max-image-preview":"max-image-preview:large","max-video-preview":"max-video-preview:-1"},"canonical":"https:\/\/dinamiaconsultores.com\/?page_id=315","og_locale":"es_ES","og_type":"article","og_title":"ANAL\u00cdTICA WEB - Dinamia Consultores","og_description":"En Dinamia Consultores contamos con las herramientas necesarias para recopilar todos los datos necesarios para establecer un proyecto s\u00f3lido.","og_url":"https:\/\/dinamiaconsultores.com\/?page_id=315","og_site_name":"Dinamia Consultores","article_publisher":"https:\/\/www.facebook.com\/Dinamia-Consultores-101016366027505","article_modified_time":"2022-07-21T10:44:28+00:00","og_image":[{"url":"https:\/\/dinamiaconsultores.com\/wp-content\/uploads\/elementor\/thumbs\/30-prxv8gjj0ytir07k4asyfjd9d3eu30hezljkpj6ej8.png","type":"","width":"","height":""}],"twitter_card":"summary_large_image","twitter_misc":{"Tiempo de lectura":"1 minuto"},"schema":{"@context":"https:\/\/schema.org","@graph":[{"@type":"WebPage","@id":"https:\/\/dinamiaconsultores.com\/?page_id=315","url":"https:\/\/dinamiaconsultores.com\/?page_id=315","name":"ANAL\u00cdTICA WEB - Dinamia Consultores","isPartOf":{"@id":"https:\/\/dinamiaconsultores.com\/#website"},"primaryImageOfPage":{"@id":"https:\/\/dinamiaconsultores.com\/?page_id=315#primaryimage"},"image":{"@id":"https:\/\/dinamiaconsultores.com\/?page_id=315#primaryimage"},"thumbnailUrl":"https:\/\/dinamiaconsultores.com\/wp-content\/uploads\/elementor\/thumbs\/30-prxv8gjj0ytir07k4asyfjd9d3eu30hezljkpj6ej8.png","datePublished":"2022-07-19T10:25:46+00:00","dateModified":"2022-07-21T10:44:28+00:00","description":"En Dinamia Consultores contamos con las herramientas necesarias para recopilar todos los datos necesarios para establecer un proyecto s\u00f3lido.","breadcrumb":{"@id":"https:\/\/dinamiaconsultores.com\/?page_id=315#breadcrumb"},"inLanguage":"es","potentialAction":[{"@type":"ReadAction","target":["https:\/\/dinamiaconsultores.com\/?page_id=315"]}]},{"@type":"ImageObject","inLanguage":"es","@id":"https:\/\/dinamiaconsultores.com\/?page_id=315#primaryimage","url":"https:\/\/dinamiaconsultores.com\/wp-content\/uploads\/elementor\/thumbs\/30-prxv8gjj0ytir07k4asyfjd9d3eu30hezljkpj6ej8.png","contentUrl":"https:\/\/dinamiaconsultores.com\/wp-content\/uploads\/elementor\/thumbs\/30-prxv8gjj0ytir07k4asyfjd9d3eu30hezljkpj6ej8.png"},{"@type":"BreadcrumbList","@id":"https:\/\/dinamiaconsultores.com\/?page_id=315#breadcrumb","itemListElement":[{"@type":"ListItem","position":1,"name":"Portada","item":"https:\/\/dinamiaconsultores.com\/"},{"@type":"ListItem","position":2,"name":"ANAL\u00cdTICA WEB"}]},{"@type":"WebSite","@id":"https:\/\/dinamiaconsultores.com\/#website","url":"https:\/\/dinamiaconsultores.com\/","name":"Dinamia Consultores","description":"Tu proyecto de 0 a 100","publisher":{"@id":"https:\/\/dinamiaconsultores.com\/#organization"},"potentialAction":[{"@type":"SearchAction","target":{"@type":"EntryPoint","urlTemplate":"https:\/\/dinamiaconsultores.com\/?s={search_term_string}"},"query-input":{"@type":"PropertyValueSpecification","valueRequired":true,"valueName":"search_term_string"}}],"inLanguage":"es"},{"@type":"Organization","@id":"https:\/\/dinamiaconsultores.com\/#organization","name":"Dinamia Consultores","url":"https:\/\/dinamiaconsultores.com\/","logo":{"@type":"ImageObject","inLanguage":"es","@id":"https:\/\/dinamiaconsultores.com\/#\/schema\/logo\/image\/","url":"https:\/\/dinamiaconsultores.com\/wp-content\/uploads\/2022\/07\/cropped-cropped-1.png","contentUrl":"https:\/\/dinamiaconsultores.com\/wp-content\/uploads\/2022\/07\/cropped-cropped-1.png","width":744,"height":248,"caption":"Dinamia Consultores"},"image":{"@id":"https:\/\/dinamiaconsultores.com\/#\/schema\/logo\/image\/"},"sameAs":["https:\/\/www.facebook.com\/Dinamia-Consultores-101016366027505","https:\/\/www.instagram.com\/dinamiaconsultores\/"]}]}},"_links":{"self":[{"href":"https:\/\/dinamiaconsultores.com\/index.php?rest_route=\/wp\/v2\/pages\/315"}],"collection":[{"href":"https:\/\/dinamiaconsultores.com\/index.php?rest_route=\/wp\/v2\/pages"}],"about":[{"href":"https:\/\/dinamiaconsultores.com\/index.php?rest_route=\/wp\/v2\/types\/page"}],"author":[{"embeddable":true,"href":"https:\/\/dinamiaconsultores.com\/index.php?rest_route=\/wp\/v2\/users\/1"}],"replies":[{"embeddable":true,"href":"https:\/\/dinamiaconsultores.com\/index.php?rest_route=%2Fwp%2Fv2%2Fcomments&post=315"}],"version-history":[{"count":16,"href":"https:\/\/dinamiaconsultores.com\/index.php?rest_route=\/wp\/v2\/pages\/315\/revisions"}],"predecessor-version":[{"id":539,"href":"https:\/\/dinamiaconsultores.com\/index.php?rest_route=\/wp\/v2\/pages\/315\/revisions\/539"}],"wp:attachment":[{"href":"https:\/\/dinamiaconsultores.com\/index.php?rest_route=%2Fwp%2Fv2%2Fmedia&parent=315"}],"curies":[{"name":"wp","href":"https:\/\/api.w.org\/{rel}","templated":true}]}}